+ 201 = 3*o. Is b prime?
False
Suppose 0 = -3*l + 3*k + 18273, k + 24332 = 4*l + 5*k. Is l a composite number?
True
Let p(y) = 1942*y + 131. Is p(14) prime?
False
Suppose 3*z = -z + 744. Let n = z - 8. Is n a composite number?
True
Suppose 2*d + 0*z = -z - 8, 5*d - 2*z = -29. Let i(t) be the third derivative of -t**6/60 - 7*t**5/60 - t**4/8 - 7*t**3/6 + 29*t**2. Is i(d) prime?
True
Suppose 2*y - 699 = -y. Let l = y - 130. Is l a prime number?
True
Let a = -26 + 17. Let s be ((-57)/a)/((-1)/(-18)). Suppose 5*o - 461 = s. Is o prime?
False
Let q(u) = -u - 3. Let l(w) = -1. Let p(r) = -9*l(r) + 2*q(r). Let v be p(5). Let m(x) = -6*x - 3. Is m(v) composite?
True
Suppose 3*v - h = 2092 + 2278, -7265 = -5*v - 2*h. Is (-3)/(-6) + v/10 prime?
False
Let g(n) = 6517*n**3 + 2*n**2 - 46*n + 89. Is g(2) prime?
False
Is 278727/39 - 8/(-52) composite?
True
Let r(o) be the first derivative of 4*o**3/3 + 5*o**2/2 + 16*o + 7. Is r(-9) composite?
True
Let c be (7 + -4 + -4)/(1 + 0). Is (c + -1)*1893/(-6) composite?
False
Suppose 3*x = -5*w + 41030, w + 16423 = 3*w - x. Is w composite?
False
Let u(o) = o**3 + o - 67. Let d be u(0). Let h(q) = -153*q**3 + 2*q**2 + 3*q - 4. Let a be h(1). Let n = d - a. Is n prime?
False
Suppose 0 = 5*q - 3*q + 8, y + q - 157 = 0. Is y prime?
False
Suppose 2*a + 0*a = -32. Let y be (3048/(-32))/(2/a). Suppose 216 = -6*i + y. Is i composite?
True
Let q be (3 - 3 - -3) + 2. Let d(a) = 4*a - 3*a - q + a**2 + 60. Is d(0) a prime number?
False
Let t(b) = -1929*b - 121. Is t(-8) composite?
True
Suppose -3*p + 0*p = -2*p. Suppose 5*a - 8645 = -5*v, -3*v - 2*a + 6191 - 1000 = p. Is v prime?
True
Suppose 0 = 2*w - 0 - 4. Suppose -3*s - 3*v = -15, 0 = -0*v + w*v. Suppose -489 = -s*c + x, -c + 3*x - 24 = -133. Is c prime?
True
Suppose 5*j - 3835 = 4*n, 0 = 4*j - 3*n - 3981 + 913. Is j a composite number?
True
Let i(x) = -x**2 - 7*x - 2. Let g be i(-6). Suppose g*f - 4 = 6*f. Is 8/(-12)*1173/f a prime number?
False
Let i(k) = -k**2 - 3*k - 1. Let y be i(-2). Is 14006/8 - (y/(-4) - 0) composite?
True
Let j = -3 - -8. Suppose 0*v = -j*v - 3*w - 34963, 0 = 2*v + 3*w + 13987. Is v/(-36) - (-2)/(-9) a composite number?
True
Let c(j) = 2714*j**2 - 12*j - 1. Is c(2) composite?
False
Suppose 9*v - 664 = 5*v. Let k = 301 + v. Is k a composite number?
False
Suppose 5*f - 4*y = 37, -y + 0 + 17 = 4*f. Suppose 521 - 39 = f*z + 3*w, -110 = -z - 4*w. Is z a composite number?
True
Suppose 8 + 5 = u. Suppose -b + 2 = u. Let d = b - -36. Is d composite?
True
Let t = 515 - 500. Let m(g) = -7*g + 6*g + 8*g + 16. Is m(t) prime?
False
Let r be (4*3)/(4/484). Suppose -1246 = -3*x - l + 950, -x + 2*l = -739. Let s = r - x. Is s composite?
False
Let g(k) be the second derivative of k**4/12 - 5*k**3/3 + 2*k**2 - k. Let n be g(10). Suppose n*j = j + 75. Is j composite?
True
Suppose 0 = 18*r - 10*r - 104968. Is r prime?
True
Let q(t) = t**3 + 8*t**2 - t + 3. Let c(i) = 9*i**3 + 8*i + 0*i + 4 - 8*i**3 - 10*i**2. Let v be c(9). Is q(v) a prime number?
True
Let n = 34 + -32. Suppose 670 = 2*s + o, 3*s + 0*o - n*o = 1005. Is s composite?
True
Let a(k) = -k - 9. Let u be a(-3). Is 6*(-4)/u + 2241 prime?
False
Suppose 4*f - 15956 = 792. Is f prime?
False
Let x be -2 - -3 - (5 - 4749). Let r = x + -3174. Is r a prime number?
True
Suppose v = -15*x + 13*x + 12383, -5*v + 25 = 0. Is x a prime number?
False
Let x = 655 + 2292. Suppose 0 = -3*t - b + 6*b - 1776, 5*t = 4*b - x. Is (1 + -1)*1 - t a prime number?
True
Let n(h) = h**2 + 9*h + 3. Let c be n(-9). Let f(a) = 77*a + 3. Let z be f(c). Suppose z = 3*u + 69. Is u prime?
False
Let p(z) = -z**3 - 8*z**2 - 7*z + 6. Let a be p(-7). Let g(b) = b**3 + 2*b**2 - b + 7. Is g(a) a prime number?
False
Suppose -5*z - 236 = 169. Let u = -25 - z. Suppose 3*h - u = -h. Is h prime?
False
Let w(j) be the second derivative of 5*j**4/12 - 19*j**3/6 + 41*j**2/2 - 13*j. Is w(12) composite?
True
Suppose -589*y = -588*y - 4757. Is y composite?
True
Let l(j) = 3127*j**2 - 14*j - 14. Is l(-1) a composite number?
True
Suppose -3*g + 3*y - 555 = -5*g, -5*g = 4*y - 1391. Suppose s - 2*s = g. Let m = -176 - s. Is m composite?
False
Suppose 0 = 21*j - 3746 - 1651. Is j prime?
True
Let y(m) = 6623*m**3 - 2*m**2 + 3*m - 1. Is y(1) composite?
True
Suppose -2493 = -5*z + 8*z. Let v = -217 - z. Is v a composite number?
True
Suppose -265397 - 97 = -6*k. Is k prime?
True
Suppose 5*u - 6*u + 918 = 0. Let y(v) = -34*v**3 + 2*v**2 - 1. Let r be y(1). Is 1 - 11/(r/u) a composite number?
False
Suppose 0 = 26*j - 18*j - 24. Suppose -j*a - 10*a = -2327. Is a a composite number?
False
Suppose -g - 2 = -0*g, -3*r + 2*g + 2554 = 0. Let y = r + 2797. Is y a composite number?
True
Let w(k) = 4*k**2 + 1 - 5 + 3 + 5*k + 2. Let z be 0 - 2 - (-12 + 6). Is w(z) prime?
False
Let c(y) be the third derivative of 89*y**4/24 - y**3/2 + y**2. Let r be c(2). Suppose 4*t = -t + r. Is t a prime number?
False
Let m be 2 - 1 - (7 - 0). Let h = 6 + m. Suppose 0 = -3*z - h*z + 555. Is z a prime number?
False
Let g = 11 + -9. Suppose 2042 = g*s - 2*f, -4782 = -4*s - 3*f - 712. Let t = -276 + s. Is t a prime number?
True
Let q(p) = -899*p - 1. Let j be q(-1). Let t be 13821/33 - (-12)/66. Let h = j - t. Is h prime?
True
Suppose -h + 218 = -689. Is h a prime number?
True
Let z = 101296 + -68069. Is z a prime number?
False
Let l = 208 - 120. Let r = -53 + l. Suppose -2 - r = -a. Is a prime?
True
Suppose -14*w + 10 = -9*w. Suppose -7*y = -w*y - 5725. Is y prime?
False
Let l be ((-5)/((-10)/(-4)))/((-14)/21). Suppose -1891 = -l*c + n, 3*c = -7*n + 4*n + 1899. Is c a prime number?
True
Let m(h) = h**2 - 7*h - 9. Let y be m(8). Let v(g) be the second derivative of -3*g**5/20 - g**4/6 + g**2/2 - g. Is v(y) prime?
True
Let o = 29 - 22. Let s(m) = m**3 - 5*m**2 + 10*m - 1. Is s(o) composite?
False
Let z be (-18)/(-117) + 256/26. Suppose -2*v + z = 3*v. Suppose 0*t + 74 = v*t. Is t a prime number?
True
Let m(i) = -11*i + 2999. Is m(0) a composite number?
False
Let m be (-9)/(135/24)*-505. Suppose -170 = -3*c + m. Is c a composite number?
True
Suppose 0*b - 5*r - 10 = -5*b, -b - r = 2. Let n be (-20)/5 + (1030/1 - -2). Suppose b = -2*x - 4*c + 526, -4*x + 2*c + 2*c = -n. Is x a composite number?
True
Let a(z) = z - 1. Let r(p) = 36*p - 10. Let d = 8 + -2. Let t(y) = d*a(y) - r(y). Is t(-9) a prime number?
False
Let c = -2275 + 524. Let t = c - -2744. Is t composite?
True
Suppose -2*d = w + 4 - 13, w = -d + 3. Let o(c) = -d - 5*c + 0 + 3*c - 6*c. Is o(-5) prime?
False
Let f be (-13)/(-65) + (-286)/5. Is (1*f)/(36/(-84)) composite?
True
Let c(z) = 400*z**2 + 68*z - 301. Is c(5) composite?
False
Suppose 4*j = -2*g + 2*j, 3*j = 2*g - 25. Suppose -4*y = -g - 311. Is y prime?
True
Suppose -m = 2*i + 5391, -3*m - 14 = 1. Suppose -8*g - 8 = -7*g. Is 2/g - i/4 a prime number?
True
Let w = 425 - 713. Let d = 481 + w. Suppose -4*g = -5*h - g + 937, h - 2*g = d. Is h prime?
False
Let j be 18/(-22) + (-6)/33. Is 10/(-2*j/2) a composite number?
True
Let c be (-64564)/30 + (-854)/(-105) + -8. Let n = -1247 - c. Is n a composite number?
True
Let y = -5 - 0. Let m(v) = -1 - 4 + 12 - 6*v + v**3 + 5*v**2. Is m(y) a composite number?
False
Suppose -34*o + 24*o + 63370 = 0. Is o composite?
False
Let d(c) = c**3 + 2*c**2 - 3*c - 3. Let h(y) = y**3 + 5*y**2 + 4*y - 2. Let a be h(-4). Let k be d(a). Is (-74)/(k/((-3)/2)) a composite number?
False
Suppose 6*r - 10*r - 2*n + 3154 = 0, -r - 4*n + 799 = 0. Is r prime?
True
Is (34755/(-84) - -1*3)*-4 a composite number?
True
Suppose 308012 = 16*z - 76836. Is z a prime number?
False
Let v(x) be the first derivative of -x**4/4 + 11*x**3/3 + 8*x**2 - 15*x + 1. Suppose -4*q + 5*q - 12 = 0. Is v(q) composite?
True
Let r(c) = c**3 + c**2 + 21*c + 30. Is r(13) a composite number?
True
Let i(c) be the second derivative of -c**5/20 + c**4/4 + c**3/3 - c**2/2 - 11*c. Is i(-4) a composite number?
False
Let z(t) = -t**3 + 5*t**2 + 5*t - 5. Let b be z(6). Let r = 19 + b. Suppose 3*j + 1115 = r*j. Is j composite?
False
Suppose 3*g + 42258 = 164985. Is g prime?
False
Is (117/12 + -11)*-107972 prime?
False
Let g be (-144)/(-54) - (-2)/(-3). Let k(q) be the second derivative of 13*q**5/10 - q**4/12 - q**3/6 - q**2/2 - q. Is k(g) a prime number?
False
Let y(x) = 2*x - 32. Let b be y(14). Is -2 -